is the units digit of t/(-6) + 423/27?
6
Let m(i) be the second derivative of i**5/20 + i**4 + 13*i**3/6 - 4*i**2 + 3*i. What is the tens digit of m(-10)?
6
Let w be (-2)/(-9) + 16/9. Suppose 0 = 2*u - w + 14. Let z = 40 - u. What is the units digit of z?
6
Suppose -m + 6 = 3. Suppose -m*v + 5*i + 12 = 0, 3*v - 12 = -0*i - 4*i. Suppose 0 = v*a - 58 + 10. What is the tens digit of a?
1
Let d = 2646 - 1763. What is the hundreds digit of d?
8
Suppose 4*i = 1141 - 245. What is the tens digit of i?
2
Let i = 7 + -2. Let m(f) = 23*f - 7. Let g be m(i). Suppose 3*h + g = 5*w, 68 = 3*w - 0*w - 5*h. What is the units digit of w?
1
Let k = 3689 + -2479. What is the tens digit of k?
1
Let i be (-2 - -41) + 2 - 2. Let s = i - 162. What is the units digit of (-1)/(1/s*3)?
1
Suppose -2 = -11*c - 1355. Let h = 303 + c. What is the hundreds digit of h?
1
Let x(v) = 30*v - 80. What is the units digit of x(17)?
0
Let j(n) = -4*n**2 - 2*n + 7. Let d be j(4). Suppose 3*b - 2*i - 3779 = -0*b, -2*b + i = -2520. What is the tens digit of (-3)/(-5) - b/d?
2
Let j(l) = 3*l - 28. Let t be j(10). What is the tens digit of 49 - t*4/(-8)?
5
Let x(g) = 3*g**2 + 5*g - 41. Let n be x(-13). Let m = n + -198. What is the tens digit of m?
0
Let y = 1480 + -600. What is the tens digit of y?
8
Suppose 0*c = -4*c - 4. Let s(d) = 4*d**3 + d. Let t be s(c). Let r(j) = 4*j**2 + 4*j - 1. What is the units digit of r(t)?
9
Suppose 0 = 4*g - 5*o + 16, -g - 17 = -4*o - 2. What is the tens digit of g/(5/(-760)*-2)?
7
Let i(w) = -6*w + 5. Let c be i(-6). Let a = c - 1. What is the units digit of a?
0
Let c(b) = -25*b + 2. Let k be c(2). Let l be k/3 - (0 + -3). Let d = l + 24. What is the tens digit of d?
1
Let t(c) = -30*c + 388. What is the units digit of t(-11)?
8
Let h(z) = 6*z + 48. Let t be h(11). Suppose 3*p - t = 330. What is the hundreds digit of p?
1
Let h(p) = -34*p**3 - 3*p**2 + 8*p + 26. What is the tens digit of h(-3)?
9
Let q = 1297 - -85. What is the tens digit of q?
8
Suppose -5 = -h - 56. Let t = 10 - h. What is the units digit of t?
1
Let l be (-3)/(((-15)/(-410))/(-1)). Suppose 82 = u - f, -u + 2*f = -f - l. What is the tens digit of u?
8
Suppose -23*f + 9*f + 7126 = 0. What is the hundreds digit of f?
5
Let p = -914 - -1389. Suppose 4*t = 0, t + 147 = -2*x + p. What is the units digit of x?
4
Let x(b) = 6*b**2 + 4*b + 4. Let q be x(-1). Suppose 0 = -3*y + q*y - 330. What is the units digit of y?
0
Let g be (-2 - 5)*24/2. Let q = -55 - g. Suppose -j - 5*o + 17 = 0, 3*j = 5*j + 5*o - q. What is the tens digit of j?
1
Let m(j) = -8*j - 70. Let g be m(-22). Suppose -g = -q + 2*p + 166, -3*q + 796 = 4*p. What is the units digit of q?
8
Suppose l = -0 - 3, 0 = -3*n + 4*l + 18. Suppose 4*x - n*x - 70 = 0. What is the tens digit of x?
3
Suppose 4*x + q - 3171 + 543 = 0, -3*x = 2*q - 1966. What is the tens digit of x?
5
Let l = 106 - 97. Suppose i + 48 = l*i. What is the units digit of i?
6
Suppose -8*h + 3070 = -3*h + 5*i, -5*h + 3074 = 4*i. What is the hundreds digit of h?
6
Suppose 3*t - 160 = -t. Let j = -28 + t. What is the units digit of j?
2
Suppose -51*w + 9606 = -45*w. What is the hundreds digit of w?
6
Suppose 3*i + 4*q - 2896 = 0, 8*q = -4*i + 5*q + 3873. What is the hundreds digit of i?
9
What is the thousands digit of ((-11400)/14)/(22/(-77))?
2
Let q(h) = -h**3 - h**2 - 2*h - 41. Let s be q(0). Let w = s - -47. What is the units digit of w?
6
Suppose 5*d + 616 = 3*d. What is the units digit of -2 + (5/(-10))/(2/d)?
5
Let z = 275 + -173. Let l = 121 - z. What is the units digit of l?
9
Let y(j) = 15*j**2 + 85*j + 835. What is the tens digit of y(-9)?
8
Let g(v) = v**2. Let o be g(3). Suppose o = 5*z - 8*z. Let y = z - -27. What is the units digit of y?
4
Let k = 1629 + -706. What is the hundreds digit of k?
9
Suppose 39*h - h - 62700 = 0. What is the tens digit of h?
5
Let y(b) = b + 12. Let j be y(-7). Suppose -5*h + 738 = 4*o + 286, -j*o + 5*h = -520. What is the hundreds digit of o?
1
Let a be (-72)/96 - 11/(-4). Let k(q) = 22*q**3 + q**2 + 3*q - 1. What is the hundreds digit of k(a)?
1
Suppose -c + 66 = -3*w, 0*c - 2*c + 69 = -3*w. What is the tens digit of (-7)/(w/12) + 93?
9
Suppose 2*i = 4*c + 4628, 0 = 4*i - 6*i - 2*c + 4616. What is the units digit of i?
0
Let x be (-39)/(-26)*4/3. Suppose -2*c = 4*i + 2*c - 4, -1 = x*i + 5*c. What is the tens digit of 16 - (i + -6 + 1)?
1
Let v(s) = 21*s - 35. Let d(u) = 4*u - 7. Let f(t) = -11*d(t) + 2*v(t). Let g be f(10). Let z = 8 - g. What is the units digit of z?
1
Let k(l) = -2 + 0 + 6*l**3 - 7*l**3 + l. Let s be k(0). What is the tens digit of s + (3 + 28)*1?
2
Suppose 78*f + 4851 = 89*f. What is the tens digit of f?
4
Let s = -13 - -34. Let i = -1 + s. Suppose -w = -2*w - 4*x + i, -4*x = -w + 4. What is the tens digit of w?
1
Let n(q) = q - 2. Let v be n(4). Suppose -4*z + f = -80, -4*z = -0*z + v*f - 80. What is the units digit of z?
0
Suppose 26*h + 285 = 31*h. Suppose 1 = -7*v + h. What is the units digit of v?
8
Suppose 2*l + 4*q - q - 985 = 0, -520 = -l + 4*q. What is the hundreds digit of l?
5
What is the hundreds digit of -3 - ((0 - 6 - -12) + -1038)?
0
Suppose 2 = 2*v + x, v = 2*v - x - 7. Suppose -2*b = 5*h - 0*h - 201, v*b = -6. What is the tens digit of h?
4
Let m(f) = -3*f**2 - 116*f + 33. What is the tens digit of m(-27)?
7
Let m(t) = t**2 + 13*t + 5. Let q be m(-13). Suppose -4 = -4*a, 105 = u + 4*a + 40. Suppose -3*c = n + u - 199, -q*c + 2*n = -230. What is the tens digit of c?
4
Let x(s) = s**3 - 11*s**2 + 10*s - 11. Let l be x(11). Suppose 2*f - 19 = l. What is the tens digit of f?
5
Suppose 5*a + r = 3*a + 235, r - 475 = -4*a. Suppose 0 = -2*k - 1 - 3. What is the units digit of k/(2 - a/58)?
9
Let p = 59 + -56. Suppose -p*x + 3*s = -408, 3*x - 418 + 6 = 5*s. What is the units digit of x?
4
Let m = -19 + 31. Let w = 19 - m. Suppose 2*i = w*i - 180. What is the tens digit of i?
3
Let x be -2*3/(-9)*3. Let h = -1 + 2. Suppose x*q = -4*g + 26, -g + q + h = -1. What is the units digit of g?
5
Let s(y) = -6. Let q(w) = -7. Let x(k) = -5*q(k) + 6*s(k). Let h(f) = 5*f - 17. Let n(u) = h(u) - 6*x(u). What is the tens digit of n(8)?
2
Let r = -121 + 289. Suppose 3*f + k = 6*k + r, k = 0. Let j = f - 3. What is the tens digit of j?
5
Suppose 4*j = b - 349, -70*j = -3*b - 66*j + 1031. What is the units digit of b?
1
Let b = -14 + 8. Let s = -5 - b. Let n = 2 + s. What is the units digit of n?
3
Suppose -9*f = -7*f. Suppose -4*t - 232 = -4*u, -3*t + 15 = -f*t. What is the tens digit of u?
6
Suppose 4*y - 3*z - 1695 = -4*z, 5*z = -y + 419. What is the hundreds digit of y?
4
Let v = -71 + 20. Let n be v/7 - (-4)/14. Let f(w) = -w**3 - 7*w**2 - 3*w - 3. What is the units digit of f(n)?
8
What is the thousands digit of (-18)/48 + 10987/8?
1
Suppose 2192 = -43*f + 51*f. What is the tens digit of f?
7
Suppose -3*u = -310 - 1235. What is the tens digit of u?
1
Let q = 31 - 27. Suppose 0 = -q*p + 2*s + 34, 2*p - 22 + 1 = -3*s. What is the units digit of p?
9
Let b(t) = 21*t**3 - t**2 + 7*t - 11. Let n be b(3). Let m = n + -309. What is the tens digit of m?
5
Let z = 2974 + -1666. What is the hundreds digit of z?
3
Let u = 489 - 254. Suppose -u = 4*s - 919. What is the tens digit of s?
7
Suppose 15*a = 14*a + 6. What is the units digit of a?
6
Suppose 1 + 14 = 5*i. Suppose 3*r - i = 4*y - 28, y - 12 = -5*r. What is the units digit of y?
7
Let c(q) = 3*q**2 + 9*q - 5. Let w be c(-5). Let y = w - 23. What is the units digit of y + -3 + -1 - -33?
1
Suppose -2*t = 2*t - a - 12928, 4 = -a. What is the tens digit of t?
3
What is the hundreds digit of (154/(-4))/((-54)/2700)?
9
Let r(b) be the third derivative of -b**6/120 - b**5/60 - 11*b**4/12 - b**3/2 - 26*b**2. What is the tens digit of r(-5)?
0
Let b(r) = r**3 - r**2 - 8*r + 18. Suppose 0*d = -d + 4. What is the units digit of b(d)?
4
Suppose -5*l + 248 = -2722. What is the hundreds digit of l?
5
Let v = -3 + 8. Suppose -v = -0*h - h. Suppose 4*y = 3*j - 24, h*j = 3*y - 6*y + 11. What is the units digit of j?
4
Let k = 19 + -4. Let z be 12/k*-1*5. What is the units digit of (-27)/(-2) + 2/z?
3
What is the hundreds digit of (187/34)/(((-1)/(-1))/302)?
6
Let t be 2*(-1)/8 - 63/(-28). Suppose -2*s = -3*z - 0*z - 299, -2*z = t*s - 274. What is the units digit of s?
